{"id":4020,"date":"2020-01-22T22:15:08","date_gmt":"2020-01-22T21:15:08","guid":{"rendered":"http:\/\/trufaconsultores.com\/?page_id=4020"},"modified":"2021-01-07T18:12:37","modified_gmt":"2021-01-07T17:12:37","slug":"punto-de-encuentro","status":"publish","type":"page","link":"https:\/\/trufaconsultores.com\/index.php\/punto-de-encuentro\/","title":{"rendered":"Punto de Encuentro"},"content":{"rendered":"\t\t<div data-elementor-type=\"wp-page\" data-elementor-id=\"4020\" class=\"elementor elementor-4020\" data-elementor-settings=\"[]\">\n\t\t\t\t\t\t<div class=\"elementor-inner\">\n\t\t\t\t\t\t\t<div class=\"elementor-section-wrap\">\n\t\t\t\t\t\t\t<section class=\"elementor-section elementor-top-section elementor-element elementor-element-1bee71e elementor-section-boxed elementor-section-height-default elementor-section-height-default\" data-id=\"1bee71e\" data-element_type=\"section\">\n\t\t\t\t\t\t<div class=\"elementor-container elementor-column-gap-default\">\n\t\t\t\t\t\t\t<div class=\"elementor-row\">\n\t\t\t\t\t<div class=\"elementor-column elementor-col-100 elementor-top-column elementor-element elementor-element-b8cbbfe\" data-id=\"b8cbbfe\" data-element_type=\"column\">\n\t\t\t<div class=\"elementor-column-wrap elementor-element-populated\">\n\t\t\t\t\t\t\t<div class=\"elementor-widget-wrap\">\n\t\t\t\t\t\t<div class=\"elementor-element elementor-element-5450f54 elementor-widget elementor-widget-image\" data-id=\"5450f54\" data-element_type=\"widget\" data-widget_type=\"image.default\">\n\t\t\t\t<div class=\"elementor-widget-container\">\n\t\t\t\t\t\t\t\t<div class=\"elementor-image\">\n\t\t\t\t\t\t\t\t\t\t\t\t<img width=\"960\" height=\"640\" src=\"https:\/\/i0.wp.com\/trufaconsultores.com\/wp-content\/uploads\/2020\/12\/people-2567915_1920.jpg?fit=960%2C640&amp;ssl=1\" class=\"attachment-large size-large\" alt=\"\" loading=\"lazy\" srcset=\"https:\/\/i0.wp.com\/trufaconsultores.com\/wp-content\/uploads\/2020\/12\/people-2567915_1920.jpg?w=1920&amp;ssl=1 1920w, https:\/\/i0.wp.com\/trufaconsultores.com\/wp-content\/uploads\/2020\/12\/people-2567915_1920.jpg?resize=595%2C397&amp;ssl=1 595w, https:\/\/i0.wp.com\/trufaconsultores.com\/wp-content\/uploads\/2020\/12\/people-2567915_1920.jpg?resize=960%2C640&amp;ssl=1 960w, https:\/\/i0.wp.com\/trufaconsultores.com\/wp-content\/uploads\/2020\/12\/people-2567915_1920.jpg?resize=768%2C512&amp;ssl=1 768w, https:\/\/i0.wp.com\/trufaconsultores.com\/wp-content\/uploads\/2020\/12\/people-2567915_1920.jpg?resize=1536%2C1024&amp;ssl=1 1536w, https:\/\/i0.wp.com\/trufaconsultores.com\/wp-content\/uploads\/2020\/12\/people-2567915_1920.jpg?resize=1140%2C760&amp;ssl=1 1140w, https:\/\/i0.wp.com\/trufaconsultores.com\/wp-content\/uploads\/2020\/12\/people-2567915_1920.jpg?resize=272%2C182&amp;ssl=1 272w\" sizes=\"(max-width: 960px) 100vw, 960px\" data-attachment-id=\"4118\" data-permalink=\"https:\/\/trufaconsultores.com\/people-2567915_1920\/\" data-orig-file=\"https:\/\/i0.wp.com\/trufaconsultores.com\/wp-content\/uploads\/2020\/12\/people-2567915_1920.jpg?fit=1920%2C1280&amp;ssl=1\" data-orig-size=\"1920,1280\" data-comments-opened=\"1\" data-image-meta=\"{&quot;aperture&quot;:&quot;0&quot;,&quot;credit&quot;:&quot;&quot;,&quot;camera&quot;:&quot;&quot;,&quot;caption&quot;:&quot;&quot;,&quot;created_timestamp&quot;:&quot;0&quot;,&quot;copyright&quot;:&quot;&quot;,&quot;focal_length&quot;:&quot;0&quot;,&quot;iso&quot;:&quot;0&quot;,&quot;shutter_speed&quot;:&quot;0&quot;,&quot;title&quot;:&quot;&quot;,&quot;orientation&quot;:&quot;0&quot;}\" data-image-title=\"people-2567915_1920\" data-image-description=\"\" data-medium-file=\"https:\/\/i0.wp.com\/trufaconsultores.com\/wp-content\/uploads\/2020\/12\/people-2567915_1920.jpg?fit=595%2C397&amp;ssl=1\" data-large-file=\"https:\/\/i0.wp.com\/trufaconsultores.com\/wp-content\/uploads\/2020\/12\/people-2567915_1920.jpg?fit=960%2C640&amp;ssl=1\" \/>\t\t\t\t\t\t\t\t\t\t\t\t\t\t<\/div>\n\t\t\t\t\t\t<\/div>\n\t\t\t\t<\/div>\n\t\t\t\t\t\t<\/div>\n\t\t\t\t\t<\/div>\n\t\t<\/div>\n\t\t\t\t\t\t\t\t<\/div>\n\t\t\t\t\t<\/div>\n\t\t<\/section>\n\t\t\t\t<section class=\"elementor-section elementor-top-section elementor-element elementor-element-38b2940 elementor-section-boxed elementor-section-height-default elementor-section-height-default\" data-id=\"38b2940\" data-element_type=\"section\">\n\t\t\t\t\t\t<div class=\"elementor-container elementor-column-gap-default\">\n\t\t\t\t\t\t\t<div class=\"elementor-row\">\n\t\t\t\t\t<div class=\"elementor-column elementor-col-100 elementor-top-column elementor-element elementor-element-5e9942e\" data-id=\"5e9942e\" data-element_type=\"column\">\n\t\t\t<div class=\"elementor-column-wrap elementor-element-populated\">\n\t\t\t\t\t\t\t<div class=\"elementor-widget-wrap\">\n\t\t\t\t\t\t<div class=\"elementor-element elementor-element-8a2e49d elementor-widget elementor-widget-text-editor\" data-id=\"8a2e49d\" data-element_type=\"widget\" data-widget_type=\"text-editor.default\">\n\t\t\t\t<div class=\"elementor-widget-container\">\n\t\t\t\t\t\t\t\t<div class=\"elementor-text-editor elementor-clearfix\">\n\t\t\t\t\t\t\t\t\t\t<\/div>\n\t\t\t\t\t\t<\/div>\n\t\t\t\t<\/div>\n\t\t\t\t\t\t<\/div>\n\t\t\t\t\t<\/div>\n\t\t<\/div>\n\t\t\t\t\t\t\t\t<\/div>\n\t\t\t\t\t<\/div>\n\t\t<\/section>\n\t\t\t\t<section class=\"elementor-section elementor-top-section elementor-element elementor-element-8623e8a elementor-section-boxed elementor-section-height-default elementor-section-height-default\" data-id=\"8623e8a\" data-element_type=\"section\">\n\t\t\t\t\t\t<div class=\"elementor-container elementor-column-gap-default\">\n\t\t\t\t\t\t\t<div class=\"elementor-row\">\n\t\t\t\t\t<div class=\"elementor-column elementor-col-100 elementor-top-column elementor-element elementor-element-54881b3\" data-id=\"54881b3\" data-element_type=\"column\">\n\t\t\t<div class=\"elementor-column-wrap elementor-element-populated\">\n\t\t\t\t\t\t\t<div class=\"elementor-widget-wrap\">\n\t\t\t\t\t\t<div class=\"elementor-element elementor-element-a37246e elementor-widget elementor-widget-text-editor\" data-id=\"a37246e\" data-element_type=\"widget\" data-widget_type=\"text-editor.default\">\n\t\t\t\t<div class=\"elementor-widget-container\">\n\t\t\t\t\t\t\t\t<div class=\"elementor-text-editor elementor-clearfix\">\n\t\t\t\t\t<p>Trabajamos desde el dise\u00f1o y planificaci\u00f3n del desarrollo de estrategias en Inteligencia Relacional y Diplomacia Corporativa, que orientamos a que tengan crecimiento en su generaci\u00f3n de negocio, creando para ello, contenidos y experiencias en el universo de la Cultura y el Arte que har\u00e1n que tu marca tenga una relaci\u00f3n m\u00e1s estrecha e \u00edntima con sus clientes, empleados, inversores o socios.<\/p><p>Muchos clientes vienen de experiencias muy diferentes en este universo, desde campa\u00f1as que no fueron efectivas porque no generaron retornos adecuados, o sus clientes no estuvieron suficientemente satisfechos y sin compromiso futuro, llegando a ellos con contenidos no con la suficiente calidad, sin visibilidad, p\u00e9rdida de recursos, tiempo y altos costes. Y s\u00f3lo muy pocos encuentran lo que quieren y casi siempre con el mismo patr\u00f3n, invirtiendo en experiencias \u00fanicas y exclusivas que dieron un mayor protagonismo al invitado y a su relaci\u00f3n con la marca.<\/p><p>Este es un punto de encuentro para la reflexi\u00f3n del camino que han andado y el que quieren tomar en un futuro que asegure a mejores resultados. Hablamos de compartir esta reflexi\u00f3n y encontrar en ella nuevas ideas que nos permitan proponerles experiencias adecuadas para llevarlas a cabo.<\/p><p>\u00a0<\/p>\t\t\t\t\t<\/div>\n\t\t\t\t\t\t<\/div>\n\t\t\t\t<\/div>\n\t\t\t\t\t\t<\/div>\n\t\t\t\t\t<\/div>\n\t\t<\/div>\n\t\t\t\t\t\t\t\t<\/div>\n\t\t\t\t\t<\/div>\n\t\t<\/section>\n\t\t\t\t<section class=\"elementor-section elementor-top-section elementor-element elementor-element-7dc5773 elementor-section-boxed elementor-section-height-default elementor-section-height-default\" data-id=\"7dc5773\" data-element_type=\"section\">\n\t\t\t\t\t\t<div class=\"elementor-container elementor-column-gap-default\">\n\t\t\t\t\t\t\t<div class=\"elementor-row\">\n\t\t\t\t\t<div class=\"elementor-column elementor-col-100 elementor-top-column elementor-element elementor-element-309e841\" data-id=\"309e841\" data-element_type=\"column\">\n\t\t\t<div class=\"elementor-column-wrap elementor-element-populated\">\n\t\t\t\t\t\t\t<div class=\"elementor-widget-wrap\">\n\t\t\t\t\t\t<div class=\"elementor-element elementor-element-5d2b0a2 elementor-widget elementor-widget-image\" data-id=\"5d2b0a2\" data-element_type=\"widget\" data-widget_type=\"image.default\">\n\t\t\t\t<div class=\"elementor-widget-container\">\n\t\t\t\t\t\t\t\t<div class=\"elementor-image\">\n\t\t\t\t\t\t\t\t\t\t\t\t<img width=\"960\" height=\"428\" src=\"https:\/\/i1.wp.com\/trufaconsultores.com\/wp-content\/uploads\/2021\/01\/smartphone-1445489_1920.jpg?fit=960%2C428&amp;ssl=1\" class=\"attachment-large size-large\" alt=\"\" loading=\"lazy\" srcset=\"https:\/\/i1.wp.com\/trufaconsultores.com\/wp-content\/uploads\/2021\/01\/smartphone-1445489_1920.jpg?w=1920&amp;ssl=1 1920w, https:\/\/i1.wp.com\/trufaconsultores.com\/wp-content\/uploads\/2021\/01\/smartphone-1445489_1920.jpg?resize=595%2C265&amp;ssl=1 595w, https:\/\/i1.wp.com\/trufaconsultores.com\/wp-content\/uploads\/2021\/01\/smartphone-1445489_1920.jpg?resize=960%2C428&amp;ssl=1 960w, https:\/\/i1.wp.com\/trufaconsultores.com\/wp-content\/uploads\/2021\/01\/smartphone-1445489_1920.jpg?resize=768%2C342&amp;ssl=1 768w, https:\/\/i1.wp.com\/trufaconsultores.com\/wp-content\/uploads\/2021\/01\/smartphone-1445489_1920.jpg?resize=1536%2C684&amp;ssl=1 1536w, https:\/\/i1.wp.com\/trufaconsultores.com\/wp-content\/uploads\/2021\/01\/smartphone-1445489_1920.jpg?resize=1140%2C508&amp;ssl=1 1140w\" sizes=\"(max-width: 960px) 100vw, 960px\" data-attachment-id=\"4201\" data-permalink=\"https:\/\/trufaconsultores.com\/index.php\/punto-de-encuentro\/smartphone-1445489_1920\/\" data-orig-file=\"https:\/\/i1.wp.com\/trufaconsultores.com\/wp-content\/uploads\/2021\/01\/smartphone-1445489_1920.jpg?fit=1920%2C855&amp;ssl=1\" data-orig-size=\"1920,855\" data-comments-opened=\"1\" data-image-meta=\"{&quot;aperture&quot;:&quot;0&quot;,&quot;credit&quot;:&quot;&quot;,&quot;camera&quot;:&quot;&quot;,&quot;caption&quot;:&quot;&quot;,&quot;created_timestamp&quot;:&quot;0&quot;,&quot;copyright&quot;:&quot;&quot;,&quot;focal_length&quot;:&quot;0&quot;,&quot;iso&quot;:&quot;0&quot;,&quot;shutter_speed&quot;:&quot;0&quot;,&quot;title&quot;:&quot;&quot;,&quot;orientation&quot;:&quot;0&quot;}\" data-image-title=\"smartphone-1445489_1920\" data-image-description=\"\" data-medium-file=\"https:\/\/i1.wp.com\/trufaconsultores.com\/wp-content\/uploads\/2021\/01\/smartphone-1445489_1920.jpg?fit=595%2C265&amp;ssl=1\" data-large-file=\"https:\/\/i1.wp.com\/trufaconsultores.com\/wp-content\/uploads\/2021\/01\/smartphone-1445489_1920.jpg?fit=960%2C428&amp;ssl=1\" \/>\t\t\t\t\t\t\t\t\t\t\t\t\t\t<\/div>\n\t\t\t\t\t\t<\/div>\n\t\t\t\t<\/div>\n\t\t\t\t\t\t<\/div>\n\t\t\t\t\t<\/div>\n\t\t<\/div>\n\t\t\t\t\t\t\t\t<\/div>\n\t\t\t\t\t<\/div>\n\t\t<\/section>\n\t\t\t\t<section class=\"elementor-section elementor-top-section elementor-element elementor-element-454611d elementor-section-boxed elementor-section-height-default elementor-section-height-default\" data-id=\"454611d\" data-element_type=\"section\">\n\t\t\t\t\t\t<div class=\"elementor-container elementor-column-gap-default\">\n\t\t\t\t\t\t\t<div class=\"elementor-row\">\n\t\t\t\t\t<div class=\"elementor-column elementor-col-100 elementor-top-column elementor-element elementor-element-7c67609\" data-id=\"7c67609\" data-element_type=\"column\">\n\t\t\t<div class=\"elementor-column-wrap elementor-element-populated\">\n\t\t\t\t\t\t\t<div class=\"elementor-widget-wrap\">\n\t\t\t\t\t\t<div class=\"elementor-element elementor-element-93179d5 elementor-widget elementor-widget-text-editor\" data-id=\"93179d5\" data-element_type=\"widget\" data-widget_type=\"text-editor.default\">\n\t\t\t\t<div class=\"elementor-widget-container\">\n\t\t\t\t\t\t\t\t<div class=\"elementor-text-editor elementor-clearfix\">\n\t\t\t\t\t<p>Lorem ipsum dolor sit amet, consectetur adipiscing elit. Ut elit tellus, luctus nec ullamcorper mattis, pulvinar dapibus leo.<\/p>\t\t\t\t\t<\/div>\n\t\t\t\t\t\t<\/div>\n\t\t\t\t<\/div>\n\t\t\t\t\t\t<\/div>\n\t\t\t\t\t<\/div>\n\t\t<\/div>\n\t\t\t\t\t\t\t\t<\/div>\n\t\t\t\t\t<\/div>\n\t\t<\/section>\n\t\t\t\t<section class=\"elementor-section elementor-top-section elementor-element elementor-element-07cdc1d elementor-section-boxed elementor-section-height-default elementor-section-height-default\" data-id=\"07cdc1d\" data-element_type=\"section\">\n\t\t\t\t\t\t<div class=\"elementor-container elementor-column-gap-default\">\n\t\t\t\t\t\t\t<div class=\"elementor-row\">\n\t\t\t\t\t<div class=\"elementor-column elementor-col-100 elementor-top-column elementor-element elementor-element-483a2fb\" data-id=\"483a2fb\" data-element_type=\"column\">\n\t\t\t<div class=\"elementor-column-wrap elementor-element-populated\">\n\t\t\t\t\t\t\t<div class=\"elementor-widget-wrap\">\n\t\t\t\t\t\t<div class=\"elementor-element elementor-element-36289ef elementor-widget elementor-widget-heading\" data-id=\"36289ef\" data-element_type=\"widget\" data-widget_type=\"heading.default\">\n\t\t\t\t<div class=\"elementor-widget-container\">\n\t\t\t<h2 class=\"elementor-heading-title elementor-size-default\">A\u00f1ade aqu\u00ed tu texto de cabecera<\/h2>\t\t<\/div>\n\t\t\t\t<\/div>\n\t\t\t\t\t\t<\/div>\n\t\t\t\t\t<\/div>\n\t\t<\/div>\n\t\t\t\t\t\t\t\t<\/div>\n\t\t\t\t\t<\/div>\n\t\t<\/section>\n\t\t\t\t\t\t<\/div>\n\t\t\t\t\t\t<\/div>\n\t\t\t\t\t<\/div>\n\t\t","protected":false},"excerpt":{"rendered":"<p>Trabajamos desde el dise\u00f1o y planificaci\u00f3n del desarrollo de estrategias en Inteligencia Relacional y Diplomacia Corporativa, que orientamos a que tengan crecimiento en su generaci\u00f3n de negocio, creando para ello, contenidos y experiencias en el universo de la Cultura y el Arte que har\u00e1n que tu marca tenga una relaci\u00f3n m\u00e1s estrecha e \u00edntima con sus clientes, empleados, inversores o socios. Muchos clientes vienen de experiencias muy diferentes en este universo, desde campa\u00f1as que no fueron efectivas porque no generaron retornos adecuados, o sus clientes no estuvieron suficientemente satisfechos y sin compromiso futuro, llegando a ellos con contenidos no con la suficiente calidad, sin visibilidad, p\u00e9rdida de recursos, tiempo y altos costes. Y s\u00f3lo muy pocos encuentran lo que quieren y casi siempre con el mismo patr\u00f3n, invirtiendo en experiencias \u00fanicas y exclusivas que dieron un mayor protagonismo al invitado y a su relaci\u00f3n con la marca. Este es un punto de encuentro para la reflexi\u00f3n del camino que han andado y el que quieren tomar en un futuro que asegure a mejores resultados. Hablamos de compartir esta reflexi\u00f3n y encontrar en ella nuevas ideas que nos permitan proponerles experiencias adecuadas para llevarlas a cabo. \u00a0 Lorem fistrum por la gloria de mi madre esse jarl aliqua llevame al sircoo. De la pradera ullamco qu\u00e9 dise usteer est\u00e1 la cosa muy malar. A\u00f1ade aqu\u00ed tu texto de cabecera<\/p>\n","protected":false},"author":3,"featured_media":0,"parent":0,"menu_order":0,"comment_status":"closed","ping_status":"closed","template":"","meta":{"spay_email":""},"yoast_head":"<!-- This site is optimized with the Yoast SEO plugin v16.4 - https:\/\/yoast.com\/wordpress\/plugins\/seo\/ -->\n<title>Punto de Encuentro - http:\/\/trufaconsultores.com\/index.php\/experiences-by-trufa\/<\/title>\n<meta name=\"description\" content=\"Experiences by Trufa, es una manera de entender la personalizaci\u00f3n de sus relaciones con sus clientes y tener herramientas diferenciadas que les permitan acceder a otros.\" \/>\n<meta name=\"robots\" content=\"index, follow, max-snippet:-1, max-image-preview:large, max-video-preview:-1\" \/>\n<link rel=\"canonical\" href=\"https:\/\/trufaconsultores.com\/index.php\/punto-de-encuentro\/\" \/>\n<meta property=\"og:locale\" content=\"es_ES\" \/>\n<meta property=\"og:type\" content=\"article\" \/>\n<meta property=\"og:title\" content=\"Punto de Encuentro - http:\/\/trufaconsultores.com\/index.php\/experiences-by-trufa\/\" \/>\n<meta property=\"og:description\" content=\"Experiences by Trufa, es una manera de entender la personalizaci\u00f3n de sus relaciones con sus clientes y tener herramientas diferenciadas que les permitan acceder a otros.\" \/>\n<meta property=\"og:url\" content=\"https:\/\/trufaconsultores.com\/index.php\/punto-de-encuentro\/\" \/>\n<meta property=\"article:modified_time\" content=\"2021-01-07T17:12:37+00:00\" \/>\n<meta property=\"og:image\" content=\"http:\/\/trufaconsultores.com\/wp-content\/uploads\/2020\/12\/people-2567915_1920-960x640.jpg\" \/>\n<meta name=\"twitter:card\" content=\"summary_large_image\" \/>\n<meta name=\"twitter:label1\" content=\"Tiempo de lectura\" \/>\n\t<meta name=\"twitter:data1\" content=\"1 minuto\" \/>\n<script type=\"application\/ld+json\" class=\"yoast-schema-graph\">{\"@context\":\"https:\/\/schema.org\",\"@graph\":[{\"@type\":\"Organization\",\"@id\":\"https:\/\/trufaconsultores.com\/#organization\",\"name\":\"TRUFA\",\"url\":\"https:\/\/trufaconsultores.com\/\",\"sameAs\":[],\"logo\":{\"@type\":\"ImageObject\",\"@id\":\"https:\/\/trufaconsultores.com\/#logo\",\"inLanguage\":\"es\",\"url\":\"https:\/\/i2.wp.com\/trufaconsultores.com\/wp-content\/uploads\/2017\/09\/2_LOGOS-trufa_color_transparente-02.jpg?fit=876%2C924\",\"contentUrl\":\"https:\/\/i2.wp.com\/trufaconsultores.com\/wp-content\/uploads\/2017\/09\/2_LOGOS-trufa_color_transparente-02.jpg?fit=876%2C924\",\"width\":876,\"height\":924,\"caption\":\"TRUFA\"},\"image\":{\"@id\":\"https:\/\/trufaconsultores.com\/#logo\"}},{\"@type\":\"WebSite\",\"@id\":\"https:\/\/trufaconsultores.com\/#website\",\"url\":\"https:\/\/trufaconsultores.com\/\",\"name\":\"\",\"description\":\"\",\"publisher\":{\"@id\":\"https:\/\/trufaconsultores.com\/#organization\"},\"potentialAction\":[{\"@type\":\"SearchAction\",\"target\":\"https:\/\/trufaconsultores.com\/?s={search_term_string}\",\"query-input\":\"required name=search_term_string\"}],\"inLanguage\":\"es\"},{\"@type\":\"ImageObject\",\"@id\":\"https:\/\/trufaconsultores.com\/index.php\/punto-de-encuentro\/#primaryimage\",\"inLanguage\":\"es\",\"url\":\"http:\/\/trufaconsultores.com\/wp-content\/uploads\/2020\/12\/people-2567915_1920-960x640.jpg\",\"contentUrl\":\"http:\/\/trufaconsultores.com\/wp-content\/uploads\/2020\/12\/people-2567915_1920-960x640.jpg\"},{\"@type\":\"WebPage\",\"@id\":\"https:\/\/trufaconsultores.com\/index.php\/punto-de-encuentro\/#webpage\",\"url\":\"https:\/\/trufaconsultores.com\/index.php\/punto-de-encuentro\/\",\"name\":\"Punto de Encuentro - http:\/\/trufaconsultores.com\/index.php\/experiences-by-trufa\/\",\"isPartOf\":{\"@id\":\"https:\/\/trufaconsultores.com\/#website\"},\"primaryImageOfPage\":{\"@id\":\"https:\/\/trufaconsultores.com\/index.php\/punto-de-encuentro\/#primaryimage\"},\"datePublished\":\"2020-01-22T21:15:08+00:00\",\"dateModified\":\"2021-01-07T17:12:37+00:00\",\"description\":\"Experiences by Trufa, es una manera de entender la personalizaci\\u00f3n de sus relaciones con sus clientes y tener herramientas diferenciadas que les permitan acceder a otros.\",\"breadcrumb\":{\"@id\":\"https:\/\/trufaconsultores.com\/index.php\/punto-de-encuentro\/#breadcrumb\"},\"inLanguage\":\"es\",\"potentialAction\":[{\"@type\":\"ReadAction\",\"target\":[\"https:\/\/trufaconsultores.com\/index.php\/punto-de-encuentro\/\"]}]},{\"@type\":\"BreadcrumbList\",\"@id\":\"https:\/\/trufaconsultores.com\/index.php\/punto-de-encuentro\/#breadcrumb\",\"itemListElement\":[{\"@type\":\"ListItem\",\"position\":1,\"item\":{\"@type\":\"WebPage\",\"@id\":\"https:\/\/trufaconsultores.com\/\",\"url\":\"https:\/\/trufaconsultores.com\/\",\"name\":\"Portada\"}},{\"@type\":\"ListItem\",\"position\":2,\"item\":{\"@id\":\"https:\/\/trufaconsultores.com\/index.php\/punto-de-encuentro\/#webpage\"}}]}]}<\/script>\n<!-- \/ Yoast SEO plugin. -->","jetpack_sharing_enabled":true,"jetpack_shortlink":"https:\/\/wp.me\/P6QXn7-12Q","jetpack-related-posts":[{"id":4213,"url":"https:\/\/trufaconsultores.com\/index.php\/empresa\/","url_meta":{"origin":4020,"position":0},"title":"EMPRESA","date":"7 enero, 2021","format":false,"excerpt":"ARTE& CULTURA CORPORATIVO Nuestro reto es crear experiencias que motiven la interacci\u00f3n de la creatividad y el talento art\u00edstico con las capacidades profesionales y las necesidades de las empresas y organizaciones. Por ello llevamos en espacios \u00fanicos o exclusivos, proyectos en los cu\u00e1les permitimos la cercan\u00eda de la cultura y\u2026","rel":"","context":"Entrada similar","img":{"alt_text":"","src":"https:\/\/i2.wp.com\/trufaconsultores.com\/wp-content\/uploads\/2015\/03\/macbook-336704_1280-1-960x640.jpg?resize=350%2C200","width":350,"height":200},"classes":[]},{"id":3971,"url":"https:\/\/trufaconsultores.com\/index.php\/quienes-y-que\/","url_meta":{"origin":4020,"position":1},"title":"M\u00e1s personal ...","date":"22 enero, 2020","format":false,"excerpt":"Han pasado ya muchos a\u00f1os desde que recibimos las primeras formaciones en un marketing que era una especialidad muy novedosa y poco cre\u00edble es la verdad, en el a\u00f1o 1990. en el que para las empresas, s\u00f3lo el departamento comercial ten\u00eda mucho que decir sobre el desarrollo del producto, los\u2026","rel":"","context":"Entrada similar","img":{"alt_text":"","src":"https:\/\/i1.wp.com\/trufaconsultores.com\/wp-content\/uploads\/2019\/03\/photos-by-lanty-568716-unsplash.jpg?fit=1200%2C800&ssl=1&resize=350%2C200","width":350,"height":200},"classes":[]},{"id":4129,"url":"https:\/\/trufaconsultores.com\/index.php\/musica\/","url_meta":{"origin":4020,"position":2},"title":"M\u00fasica","date":"21 diciembre, 2020","format":false,"excerpt":"Creemos en los proyectos de futuro, con una continuidad, con legado y sobre todo con un marcado car\u00e1cter emprendedor. Por ello desde hace unos a\u00f1os, nos formamos lo m\u00e1s r\u00e1pido posible en el dif\u00edcil y muy t\u00e9cnico mundo de la m\u00fasica cl\u00e1sica y la \u00f3pera.\u00a0Nos formamos con un equipo muy\u2026","rel":"","context":"Entrada similar","img":{"alt_text":"","src":"https:\/\/i1.wp.com\/trufaconsultores.com\/wp-content\/uploads\/2021\/06\/DSC00588-960x720.jpg?resize=350%2C200","width":350,"height":200},"classes":[]},{"id":4236,"url":"https:\/\/trufaconsultores.com\/index.php\/audiovisual\/","url_meta":{"origin":4020,"position":3},"title":"AUDIOVISUAL","date":"29 abril, 2021","format":false,"excerpt":"En el sector audiovisual hemos creado una figura no com\u00fan seg\u00fan los m\u00e9todos y protocolos de trabajo y el organigrama, establecidos durante muchos a\u00f1os en las productoras dedicadas a la producci\u00f3n de series y pel\u00edculas de ficci\u00f3n en Espa\u00f1a. Innovamos con un papel de captaci\u00f3n y gesti\u00f3n de recursos para\u2026","rel":"","context":"Entrada similar","img":{"alt_text":"","src":"https:\/\/i2.wp.com\/trufaconsultores.com\/wp-content\/uploads\/2021\/01\/film-596009_1920-960x679.jpg?resize=350%2C200","width":350,"height":200},"classes":[]},{"id":3995,"url":"https:\/\/trufaconsultores.com\/index.php\/experiences-by-trufa\/","url_meta":{"origin":4020,"position":4},"title":"Experiences By Trufa","date":"22 enero, 2020","format":false,"excerpt":"Experiences by Trufa, es nuestra propuesta para las empresas que quieren disponer de una relaci\u00f3n m\u00e1s estrecha con sus clientes, inversores, socios, empleados y tener capacidad de acceder a todos aquellos que a\u00fan no forman parte de su empresa.Desde hace unos a\u00f1os estamos trabajando en este proyecto, que poco a\u2026","rel":"","context":"Entrada similar","img":{"alt_text":"","src":"https:\/\/i0.wp.com\/trufaconsultores.com\/wp-content\/uploads\/2020\/01\/EXPERIENCES-BY-TRUFA-1.png?fit=1200%2C848&ssl=1&resize=350%2C200","width":350,"height":200},"classes":[]},{"id":4219,"url":"https:\/\/trufaconsultores.com\/index.php\/activate\/","url_meta":{"origin":4020,"position":5},"title":"ACT\u00cdVATE","date":"7 enero, 2021","format":false,"excerpt":"Podr\u00edamos citar muchos inconvenientes para activar las incitativas que las empresas tienen en cuanto a su relaci\u00f3n con sus clientes, mercado, inversiones y su entorno econ\u00f3mico y social. Pero como conocemos la gran mayor\u00eda que se centran en presupuestos ajustados, falta de tiempo, conocer los beneficios del medio cultural o\u2026","rel":"","context":"Entrada similar","img":{"alt_text":"","src":"https:\/\/i2.wp.com\/trufaconsultores.com\/wp-content\/uploads\/2021\/04\/people-2557399_1920-960x640.jpg?resize=350%2C200","width":350,"height":200},"classes":[]}],"_links":{"self":[{"href":"https:\/\/trufaconsultores.com\/index.php\/wp-json\/wp\/v2\/pages\/4020"}],"collection":[{"href":"https:\/\/trufaconsultores.com\/index.php\/wp-json\/wp\/v2\/pages"}],"about":[{"href":"https:\/\/trufaconsultores.com\/index.php\/wp-json\/wp\/v2\/types\/page"}],"author":[{"embeddable":true,"href":"https:\/\/trufaconsultores.com\/index.php\/wp-json\/wp\/v2\/users\/3"}],"replies":[{"embeddable":true,"href":"https:\/\/trufaconsultores.com\/index.php\/wp-json\/wp\/v2\/comments?post=4020"}],"version-history":[{"count":14,"href":"https:\/\/trufaconsultores.com\/index.php\/wp-json\/wp\/v2\/pages\/4020\/revisions"}],"predecessor-version":[{"id":4227,"href":"https:\/\/trufaconsultores.com\/index.php\/wp-json\/wp\/v2\/pages\/4020\/revisions\/4227"}],"wp:attachment":[{"href":"https:\/\/trufaconsultores.com\/index.php\/wp-json\/wp\/v2\/media?parent=4020"}],"curies":[{"name":"wp","href":"https:\/\/api.w.org\/{rel}","templated":true}]}}